e 2*t = -3*t + 220. What is the tens digit of t?
4
Suppose 0 = -2*z - 3*z - 25, -z + 43 = 4*v. Suppose -w + v = w. What is the units digit of (-4)/(-12) + 52/w?
9
Let y(a) be the first derivative of -5*a**2/2 - a - 1. Let d be y(-1). Suppose -j - 3*b - 2*b - d = 0, b + 8 = j. What is the units digit of j?
6
Let m(i) = i**2 - 4*i - 2. Let w be m(5). Suppose w*n - 7 = 8. What is the units digit of n?
5
Suppose -4*s + 2 = -2, 4*s + 137 = 3*u. What is the units digit of u?
7
Let d(l) = -l + l - 1 - 2*l**2 + 3*l**2 + l. Let o be d(-5). Let c = 29 - o. What is the tens digit of c?
1
What is the tens digit of ((-8)/(-3))/((-8)/(-288))?
9
Let i = 26 + -18. Suppose 143 = 5*d + i. What is the units digit of d?
7
Suppose 0 = -16*d + 12*d + 344. What is the tens digit of d?
8
Let g(h) = -h**2 + 5*h - 3. Let t be g(3). Suppose 13 = v + t. What is the tens digit of v?
1
Let b(g) = -g**3 + g**2 + 7. Suppose 2*y = 7*y. What is the units digit of b(y)?
7
Let q(v) = 5*v - 5. Let t be q(7). Suppose u - t = -u. What is the tens digit of u?
1
Suppose 0*p + 4*p - 216 = 0. Suppose -2 = -v + p. What is the units digit of 1/(-3) + v/6?
9
Let d be 1/((1 + -4)/3). Let f = 33 + d. What is the units digit of f?
2
Suppose -v - 10 = -3*r, -r = 3*v + 2*v + 2. Suppose b - r = -0. Suppose -4*i + 7 = b. What is the units digit of i?
1
Suppose 4*t = m + 5, 3*m - 9 = 2*m - 3*t. Suppose 0 = m*h - 6*h + 15, 5*h - 35 = -5*c. What is the units digit of c?
2
Let y be 2/((-4)/6)*-1. Suppose -y*m = -8 - 16. Suppose -5*o - m = -63. What is the units digit of o?
1
Suppose 2*z = -4*z + 18. What is the units digit of z?
3
Suppose -4*p + 202 = -p - 4*t, 3*p - 2*t = 200. What is the units digit of p?
6
What is the units digit of -4 - (-3752)/32 - 3/(-4)?
4
Let f(b) = -4 - 7 - b + 3. Let u be f(-5). Let t(r) = -r**3 - 3*r**2 - 3*r + 1. What is the units digit of t(u)?
0
Suppose w - 126 = 35. What is the hundreds digit of w?
1
Let f = -10 + 22. Suppose -2*u + 8 = -2*t - 16, -3*t - f = 0. What is the units digit of u?
8
Let z = 8 + -9. Let k = z - -2. What is the units digit of k?
1
Suppose i = -2*i + 24. Suppose -i = -4*p + z, -p + 3 = 2*z + 10. What is the units digit of p?
1
Let y(u) = u**3 + 9*u**2 - 12*u + 3. Let i be y(-10). Let o = -12 + i. What is the tens digit of o?
1
Let b(g) = 2*g + 6. Let p be b(-6). Let c = p - -8. Suppose 12 = 3*a - 3*h - 3, -a = c*h - 11. What is the units digit of a?
7
Let m(l) = 68*l - 6. What is the hundreds digit of m(5)?
3
Let c be (7/14)/(2/84). Let m = -10 + c. What is the tens digit of m?
1
What is the units digit of 0 - (-16 + 16/(-4))?
0
Let c(m) = 9*m**2 - 9*m + 1. What is the hundreds digit of c(4)?
1
Let b(u) be the second derivative of u**4/4 - u**2 - 5*u. What is the tens digit of b(3)?
2
Suppose 116 = 3*x - 2*s, -2*x - s = -68 - 14. Let c(r) = -r**2 + 7*r - 6. Let m be c(6). Suppose 0 = -m*v + 5*v - x. What is the units digit of v?
8
Suppose -3*r = -5*w + 561, -3*w - 2*r = -8*w + 559. Let b = w - 61. What is the units digit of b?
0
Let m be (-2 + 1)*1 - -11. What is the units digit of 5/m*(-68)/(-2)?
7
Let p be -6 - -9 - (2 + 0). Suppose a = -p + 20. What is the tens digit of a?
1
Let a(u) = -2*u**3 - 4*u**2 - 11*u - 12. What is the units digit of a(-4)?
6
Let t(l) = 2*l + 1. Let n = 19 + -11. What is the units digit of t(n)?
7
Suppose k + 23 = 5*g + 2*k, 5*g = -2*k + 26. Suppose g*j + j - 235 = 0. What is the units digit of j?
7
Let k(h) = 40*h**2 + 12*h + 5. Let w(p) = 10*p**2 + 3*p + 1. Let x(r) = -2*k(r) + 9*w(r). What is the tens digit of x(-2)?
3
Let d = -7 - -39. What is the tens digit of d?
3
Suppose 5*a = 105 + 95. What is the units digit of a?
0
Suppose -4*j = -8 - 4. Suppose 4*s - 4*k = -28, 0*k - 3*k = j*s + 15. What is the units digit of (s/(-4))/((-2)/(-8))?
6
Let q(l) = -2 + l - 2 - 1. Let d(a) = 2*a - 10. Let s(y) = -3*d(y) + 5*q(y). What is the units digit of s(0)?
5
Let m = -1 - -1. Let j = m - -1. What is the tens digit of j*(-2 + 0) + 17?
1
Let v(w) = w**2 + 7*w + 6. Let z be v(-6). Suppose -4*x + i + 6 = z, -5*x + i = -15 + 7. Let f = x - 0. What is the units digit of f?
2
Suppose -4*g + 43 + 14 = -x, -2*x = -4*g + 58. What is the tens digit of g?
1
Let q(w) = -w - 2. Suppose -7 + 25 = -3*b. Let c be q(b). What is the tens digit of 129/12 - (-1)/c?
1
Let k = -30 + 47. Suppose 3*f + k = 2, -2*s = -4*f - 36. What is the units digit of s?
8
Let w(h) = -h**2 + 4*h - 7. Let x be w(8). Let g = 23 + x. Let v = -3 - g. What is the tens digit of v?
1
Let y = -20 - -106. What is the units digit of y?
6
Let r(w) be the third derivative of w**6/120 + 7*w**5/60 + w**4/12 + 2*w**3/3 - 6*w**2. What is the units digit of r(-6)?
8
Suppose 2*z - 20 = 24. What is the units digit of z?
2
Let z = -72 + 122. What is the tens digit of z?
5
Let u(y) = 173*y**2 + y. Let h be u(1). Let k(b) = 2*b - 5. Let p be k(10). What is the units digit of h/p - (-2)/5?
2
Let w be 2/(-4 - -2) + 1. Suppose w = 2*n - 3*n + 8. What is the units digit of n?
8
Suppose -4*d = -2*b - d + 144, -2*b + 112 = 5*d. What is the units digit of b?
6
What is the tens digit of 3/15 - 336/(-20)?
1
Suppose -2 = -h + 2. Let x be (2 + -2 + 1)*h. Suppose -4*c - 20 = -x*f, 2*c + 0*c = 5*f - 22. What is the units digit of f?
4
Suppose -o = 3*q + 20 - 193, 3*o + 41 = q. What is the tens digit of q?
5
Suppose -8 + 76 = s. What is the tens digit of s?
6
Let a = 56 - 14. Suppose -a = -h + 18. Suppose g = 5*g - h. What is the units digit of g?
5
Suppose 4*v + 9 - 1 = 0, s - 4*v = 30. Let y = 33 - s. What is the tens digit of y?
1
Suppose 4*m - 12 = -4*o, -5*m - 2*o + 15 = o. What is the units digit of m?
3
Suppose 5*t + 10 + 10 = 0. Let z be t/(-18) + (-25)/(-9). Suppose m - z*h = 6, -24 = -m - 3*m + 2*h. What is the units digit of m?
6
Suppose 4*i - 51 = -7. What is the tens digit of i?
1
Let h = 76 - 124. Let c = 101 + h. What is the tens digit of c?
5
What is the tens digit of 1/((36/(-160))/(-9))?
4
Let p = 3 - 1. Suppose -2*d - 5*w - 13 = 0, 4*d - 11 = p*d + 3*w. What is the units digit of d?
1
Let k = 4 - -1. What is the units digit of k?
5
Suppose 4*q = 3*p + p - 428, 0 = -3*p - 3*q + 309. What is the tens digit of p?
0
Let v be (-3)/(-6)*(1 - 1). Suppose -h + v*h + 34 = 0. What is the units digit of h?
4
Suppose -w + 3*g = 6*g - 29, -17 = -w + g. Suppose -2*v - 2*v = -w. Suppose v*u - 15 = 2*u. What is the units digit of u?
5
Let r = 152 + -97. What is the tens digit of r?
5
Let y = 78 + 60. What is the units digit of y?
8
What is the units digit of 3017/14 - (-9)/(-6)?
4
Let n(c) be the second derivative of c**3/6 - 5*c**2/2 - 5*c. Suppose -3*i + k + 22 = 6, 2 = i - k. What is the units digit of n(i)?
2
Suppose 0 = 4*p - 6*p + 20. What is the tens digit of p?
1
Let o(f) = -f - 3. Let n be o(8). Let q = 20 - -3. Let h = q + n. What is the tens digit of h?
1
Let h(n) = -6*n + 2. What is the tens digit of h(-3)?
2
Let m be 2 + (3 - (1 + 1)). Suppose 2*q = -3*f + 11 + m, -19 = -4*f - 3*q. Let s = 7 - f. What is the units digit of s?
3
Let x(c) = c + 10. Let j be x(-8). Let g = 7 - j. What is the units digit of g?
5
Suppose 0 = k + 4*l - 3, -30 = -2*k - 2*l + 6*l. What is the units digit of k?
1
What is the units digit of (12/3 - 5)*-13?
3
Let o = -4 - -9. Suppose -2*g - o + 28 = 3*x, -4*x = 5*g - 19. What is the units digit of x?
1
Suppose 0 = -24*n - 352 + 5152. What is the units digit of n?
0
What is the hundreds digit of 3/(-2) - -1 - (-2118)/12?
1
Let p(k) = 5*k. What is the units digit of p(10)?
0
Let g be (-25)/10*1*-2. Let t = 4 - g. Let m(k) = -2*k**3 - k**2 - k - 1. What is the units digit of m(t)?
1
Suppose -20 = -w - 3*w. Suppose -2*c - 2 = -6. Suppose c*z + 0*z = f + 22, -w*z - 3*f + 44 = 0. What is the units digit of z?
0
Let p(y) = y**3 - 12*y**2 + y - 9. Let z be p(12). Let h(b) = 7*b - 9. Let x(j) = 8*j - 10. Let t(g) = 6*h(g) - 5*x(g). What is the units digit of t(z)?
2
Let u = -197 - -284. What is the tens digit of u?
8
What is the units digit of 54 + (1 - (-6)/2)?
8
Let l be (-268)/(-4) + (-1 - -2). Suppose 6*o = 2*o - l. Let p = -10 - o. What is the units digit of p?
7
Suppose -4*y = z - 6*z + 113, 2*y = 6. Let x = z + -18. What is the units digit of x?
7
Let t = 72 + 235. Suppose 5*x + 97 = t. What is the tens digit of x?
4
Let n = 8 - 12. Let m(d) be the second 